{"id":191,"date":"2025-04-08T17:49:59","date_gmt":"2025-04-08T15:49:59","guid":{"rendered":"http:\/\/schule-in-den-grasgaerten.de\/?page_id=191"},"modified":"2025-04-08T17:49:59","modified_gmt":"2025-04-08T15:49:59","slug":"start","status":"publish","type":"page","link":"https:\/\/schule-in-den-grasgaerten.de\/","title":{"rendered":"Herzlich Willkommen!"},"content":{"rendered":"\n<div class=\"wp-block-group\"><div class=\"wp-block-group__inner-container is-layout-constrained wp-block-group-is-layout-constrained\">\n<p class=\"has-white-color has-white-background-color has-text-color has-background has-link-color wp-elements-f3af10659a18cfd88d4a54e34f264cca\"><\/p>\n<\/div><\/div>\n\n\n\n<div class=\"wp-block-group\"><div class=\"wp-block-group__inner-container is-layout-constrained wp-block-group-is-layout-constrained\">\n<div class=\"wp-block-group is-style-default\"><div class=\"wp-block-group__inner-container is-layout-flow wp-block-group-is-layout-flow\">\n<p class=\"has-text-align-center has-medium-font-size\" style=\"font-style:normal;font-weight:100\">\u201eDu bist mutiger als du glaubst,<\/p>\n\n\n\n<p class=\"has-text-align-center has-medium-font-size\" style=\"font-style:normal;font-weight:100\">st\u00e4rker als du scheinst und<\/p>\n\n\n\n<p class=\"has-text-align-center has-medium-font-size\" style=\"font-style:normal;font-weight:100\">kl\u00fcger als du denkst.\u201c<\/p>\n\n\n\n<p class=\"has-text-align-center has-medium-font-size\" style=\"font-style:normal;font-weight:100\">(<em>Winnie Puuh<\/em>)<\/p>\n\n\n\n<p class=\"has-white-color has-white-background-color has-text-color has-background has-link-color wp-elements-f3af10659a18cfd88d4a54e34f264cca\"><\/p>\n<\/div><\/div>\n<\/div><\/div>\n\n\n\n<div class=\"wp-block-group\"><div class=\"wp-block-group__inner-container is-layout-constrained wp-block-group-is-layout-constrained\">\n<div class=\"wp-block-group\"><div class=\"wp-block-group__inner-container is-layout-constrained wp-block-group-is-layout-constrained\">\n<p>Wir begr\u00fc\u00dfen alle herzlich auf der Homepage der <strong>Schule in den Grasg\u00e4rten<\/strong> &#8211; ein Verbund aus einer F\u00f6rderschule mit dem F\u00f6rderschwerpunkt <strong>Lernen<\/strong> und einer F\u00f6rderschule mit dem Schwerpunkt <strong>emotionale und soziale Entwicklung<\/strong> &#8211; in Altenkessel.<\/p>\n<\/div><\/div>\n<\/div><\/div>\n\n\n\n<p>Zurzeit besuchen unsere Schule 118 Sch\u00fclerinnen und Sch\u00fcler mit dem F\u00f6rderbedarf Lernen und 15 Sch\u00fclerinnen und Sch\u00fcler mit dem F\u00f6rderbedarf emotionale und soziale Entwicklung. <\/p>\n\n\n\n<p>Unsere Sch\u00fclerinnen und Sch\u00fcler werden zum Teil in jahrgangs\u00fcbergeifenden Klassen unterrichtet. Die Klassengruppen werden klein gehalten, um den Kindern und Jugendlichen optimale Voraussetzungen zum Lernen zu bieten. So k\u00f6nnen die Sch\u00fclerinnen und Sch\u00fcler durch vermehrte Zuwendung der Lehrperson, durch gezielt eingesetztes F\u00f6rdermaterial und ihre individuellen Schw\u00e4chen und St\u00e4rken erkennen und f\u00f6rdern.<\/p>\n\n\n\n<p>Kinder mit F\u00f6rderbedarf <strong>emotionale und soziale Entwicklung <\/strong>k\u00f6nnen unsere Schule von der 1. bis zur 4. Klasse besuchen.<\/p>\n\n\n\n<p>Kinder mit F\u00f6rderbedarf <strong>Lernen<\/strong> k\u00f6nnen unsere Schule von der 1. bis zur 9. Klasse besuchen. Nach dem erfolgreichen Besuch der Klassenstufe 9 erhalten diese den F\u00f6rderschulabschluss. Zus\u00e4tzlich haben motivierte und leistungsstarke Sch\u00fclerinnen und Sch\u00fcler die M\u00f6glichkeit im Rahmen eines freiwilligen 10. Schuljahres einen Hauptschulabschluss zu erwerben.<\/p>\n\n\n\n<p class=\"has-white-color has-white-background-color has-text-color has-background has-link-color wp-elements-f3af10659a18cfd88d4a54e34f264cca\"><\/p>\n\n\n\n<p>Unsere Unterrichtszeiten:<\/p>\n\n\n\n<div class=\"wp-block-group\"><div class=\"wp-block-group__inner-container is-layout-constrained wp-block-group-is-layout-constrained\">\n<p class=\"has-text-align-center\"><strong>Klasse 1-4<\/strong><\/p>\n\n\n\n<p class=\"has-text-align-center\">Mo, Die, Do, Fr                  8.00 &#8211; 12.15 Uhr<\/p>\n\n\n\n<p class=\"has-text-align-center\">Mi                                         8.00 &#8211; 13.00 Uhr<\/p>\n\n\n\n<p class=\"has-text-align-center\"><strong>Klasse 5-9<\/strong><\/p>\n\n\n\n<p class=\"has-text-align-center\">Mo &#8211; Fr                                8.00 &#8211; 13.00 Uhr<\/p>\n\n\n\n<p class=\"has-text-align-center\"><strong>Klasse 10<\/strong><\/p>\n\n\n\n<p class=\"has-text-align-center\">Mo &#8211; Fr                                 7.45 &#8211; 13.00 Uhr<\/p>\n\n\n\n<p class=\"has-white-color has-white-background-color has-text-color has-background has-link-color wp-elements-f818070cbe647d7929783d0c3190eada\">m<\/p>\n\n\n\n<p>\u00d6ffnungszeiten Sekretariat:<\/p>\n\n\n\n<p class=\"has-text-align-center\">Dienstag bis Freitag 07.30 &#8211; 12.30 Uhr<\/p>\n\n\n\n<p class=\"has-text-align-center\">Erreichbar unter: 06898 &#8211; 441340<\/p>\n<\/div><\/div>\n\n\n\n<p class=\"has-white-color has-white-background-color has-text-color has-background has-link-color wp-elements-f3af10659a18cfd88d4a54e34f264cca\"><\/p>\n\n\n\n<p class=\"has-text-align-center has-medium-font-size\">Das Team der Schule in den Grasg\u00e4rten<\/p>\n\n\n<div class=\"wp-block-image\">\n<figure class=\"aligncenter size-full is-resized\"><img loading=\"lazy\" decoding=\"async\" width=\"267\" height=\"296\" src=\"http:\/\/schule-in-den-grasgaerten.de\/wp-content\/uploads\/2025\/03\/image.png\" alt=\"\" class=\"wp-image-130\" style=\"width:98px;height:auto\"\/><\/figure><\/div>\n\n\n<p><\/p>\n","protected":false},"excerpt":{"rendered":"<p>\u201eDu bist mutiger als du glaubst, st\u00e4rker als du scheinst und kl\u00fcger als du denkst.\u201c (Winnie Puuh) Wir begr\u00fc\u00dfen alle herzlich auf der Homepage der Schule in den Grasg\u00e4rten &#8211; ein Verbund aus einer F\u00f6rderschule mit dem F\u00f6rderschwerpunkt Lernen und einer F\u00f6rderschule mit dem Schwerpunkt emotionale und soziale Entwicklung &#8211; in Altenkessel. Zurzeit besuchen unsere [&hellip;]<\/p>\n","protected":false},"author":1,"featured_media":0,"parent":0,"menu_order":0,"comment_status":"closed","ping_status":"closed","template":"","meta":{"footnotes":""},"class_list":["post-191","page","type-page","status-publish","hentry"],"_links":{"self":[{"href":"https:\/\/schule-in-den-grasgaerten.de\/index.php?rest_route=\/wp\/v2\/pages\/191","targetHints":{"allow":["GET"]}}],"collection":[{"href":"https:\/\/schule-in-den-grasgaerten.de\/index.php?rest_route=\/wp\/v2\/pages"}],"about":[{"href":"https:\/\/schule-in-den-grasgaerten.de\/index.php?rest_route=\/wp\/v2\/types\/page"}],"author":[{"embeddable":true,"href":"https:\/\/schule-in-den-grasgaerten.de\/index.php?rest_route=\/wp\/v2\/users\/1"}],"replies":[{"embeddable":true,"href":"https:\/\/schule-in-den-grasgaerten.de\/index.php?rest_route=%2Fwp%2Fv2%2Fcomments&post=191"}],"version-history":[{"count":2,"href":"https:\/\/schule-in-den-grasgaerten.de\/index.php?rest_route=\/wp\/v2\/pages\/191\/revisions"}],"predecessor-version":[{"id":241,"href":"https:\/\/schule-in-den-grasgaerten.de\/index.php?rest_route=\/wp\/v2\/pages\/191\/revisions\/241"}],"wp:attachment":[{"href":"https:\/\/schule-in-den-grasgaerten.de\/index.php?rest_route=%2Fwp%2Fv2%2Fmedia&parent=191"}],"curies":[{"name":"wp","href":"https:\/\/api.w.org\/{rel}","templated":true}]}}