{"id":50,"date":"2025-04-08T18:40:42","date_gmt":"2025-04-08T16:40:42","guid":{"rendered":"http:\/\/schule-in-den-grasgaerten.de\/?page_id=50"},"modified":"2025-04-08T18:40:42","modified_gmt":"2025-04-08T16:40:42","slug":"datenschutzerklaerung","status":"publish","type":"page","link":"http:\/\/schule-in-den-grasgaerten.de\/?page_id=50","title":{"rendered":"Datenschutzerkl\u00e4rung"},"content":{"rendered":"\n<p>Im Rahmen der Nutzung unseres Internetangebots verarbeiten wir unter Umst\u00e4nden verschiedene Daten, die sich auf Sie als betroffene Person beziehen oder zumindest auf Sie beziehbar und damit personenbezogen sind. Die folgenden Informationen dienen dazu \u00fcber Art, Umfang und Zweck der jeweiligen Verarbeitungsvorg\u00e4nge zu informieren.<\/p>\n\n\n\n<p>Wir unterliegen als \u00f6ffentliche Stelle den Bestimmungen des Saarl\u00e4ndischen Datenschutzgesetzes (SDSG). Zum Schutz Ihrer Rechte haben wir technische und organisatorische Ma\u00dfnahmen getroffen und auch sichergestellt, dass die Vorschriften \u00fcber den Datenschutz von allen beachtet werden, die an diesem Angebot mitwirken. Ihre Daten d\u00fcrfen nur in dem Umfang verarbeitet werden, wie spezielle Gesetze dies zulassen oder Ihre Einwilligung vorliegt.<\/p>\n\n\n\n<p class=\"has-white-color has-white-background-color has-text-color has-background has-link-color wp-elements-f818070cbe647d7929783d0c3190eada\">m<\/p>\n\n\n\n<h2 class=\"wp-block-heading\">Verantwortliche Stelle<\/h2>\n\n\n\n<p>Bei Anfragen, Beschwerden, Hinweisen und Anregungen wenden Sie sich bitte zun\u00e4chst an den Verantwortlichen der Website:<\/p>\n\n\n\n<ul class=\"wp-block-list\">\n<li>Schule in den Grasg\u00e4rten<\/li>\n\n\n\n<li>Schulleitung: Claudia Theobald, Esther Hermann<\/li>\n\n\n\n<li>In den Grasg\u00e4rten, 66126 Saabr\u00fccken<\/li>\n\n\n\n<li>06898-441340<\/li>\n\n\n\n<li><a href=\"mailto:fs-altenkessel@schule.saarland\">fs-altenkessel@schule.saarland<\/a><\/li>\n<\/ul>\n\n\n\n<p>Diensteanbieter dieses Internetangebots ist das Saarland, vertreten durch den Minister f\u00fcr Bildung und Kultur, Trierer Str. 33, 66111 Saarbr\u00fccken, Telefon: 0681\/501-7565.<\/p>\n\n\n\n<p class=\"has-white-color has-white-background-color has-text-color has-background has-link-color wp-elements-f818070cbe647d7929783d0c3190eada\">m<\/p>\n\n\n\n<h2 class=\"wp-block-heading\">Beh\u00f6rdliche Datenschutzbeauftragte<\/h2>\n\n\n\n<p>Unsere Datenschutzbeauftragte erreichen Sie unter&nbsp;<a href=\"mailto:datenschutzbeauftragte@bildung.saarland.de\">datenschutzbeauftragte@bildung.saarland.de<\/a>&nbsp;oder der Adresse des Ministeriums f\u00fcr Bildung und Kultur, Trierer Stra\u00dfe 33, 66111 Saarbr\u00fccken mit dem Zusatz \u201eDie Datenschutzbeauftragte\u201c.<\/p>\n\n\n\n<p class=\"has-white-color has-white-background-color has-text-color has-background has-link-color wp-elements-f818070cbe647d7929783d0c3190eada\">m<\/p>\n\n\n\n<h2 class=\"wp-block-heading\">Kontaktaufnahme<\/h2>\n\n\n\n<p>Bei Ihrer Kontaktaufnahme mit uns per E-Mail oder \u00fcber das Kontaktformular werden Ihre Angaben von uns gespeichert, um Ihre Frage(n) zu beantworten. Wenn Sie das auf der Webseite angebotene Kontaktformular nutzen, ben\u00f6tigen wir von Ihnen eine valide E-Mail-Adresse sowie Ihren Namen. Weitere Daten werden nicht erhoben. Die Speicherung dient alleine dem Zweck, Ihre Anfrage zu beantworten.<\/p>\n\n\n\n<p class=\"has-white-color has-white-background-color has-text-color has-background has-link-color wp-elements-f818070cbe647d7929783d0c3190eada\">m<\/p>\n\n\n\n<h2 class=\"wp-block-heading\">Cookies<\/h2>\n\n\n\n<p>Unsere Website verwendet Cookies. Das sind kleine Textdateien, die Ihr Webbrowser auf Ihrem Endger\u00e4t speichert. Cookies helfen uns dabei, unser Angebot nutzerfreundlicher, effektiver und sicherer zu machen.<\/p>\n\n\n\n<p>Einige Cookies sind \u201cSession-Cookies.\u201d Solche Cookies werden nach Ende Ihrer Browser-Sitzung von selbst gel\u00f6scht. Hingegen bleiben andere Cookies auf Ihrem Endger\u00e4t bestehen, bis Sie diese selbst l\u00f6schen. Solche Cookies helfen uns, Sie bei R\u00fcckkehr auf unserer Website wiederzuerkennen.<\/p>\n\n\n\n<p>Mit einem modernen Webbrowser k\u00f6nnen Sie das Setzen von Cookies \u00fcberwachen, einschr\u00e4nken oder unterbinden. Viele Webbrowser lassen sich so konfigurieren, dass Cookies mit dem Schlie\u00dfen des Programms von selbst gel\u00f6scht werden. Die Deaktivierung von Cookies kann eine eingeschr\u00e4nkte Funktionalit\u00e4t unserer Website zur Folge haben.<\/p>\n\n\n\n<p>Das Setzen von Cookies, die zur Aus\u00fcbung elektronischer Kommunikationsvorg\u00e4nge oder der Bereitstellung bestimmter, von Ihnen erw\u00fcnschter Funktionen notwendig sind, erfolgt auf Grundlage von Art. 6 Abs. 1 lit. f DSGVO. Als Betreiber dieser Website haben wir ein berechtigtes Interesse an der Speicherung von Cookies zur technisch fehlerfreien und reibungslosen Bereitstellung unserer Dienste. Sofern die Setzung anderer Cookies erfolgt, werden diese in dieser Datenschutzerkl\u00e4rung separat behandelt.<\/p>\n\n\n\n<p class=\"has-white-color has-white-background-color has-text-color has-background has-link-color wp-elements-f818070cbe647d7929783d0c3190eada\">m<\/p>\n\n\n\n<h2 class=\"wp-block-heading\">Kalender.digital<\/h2>\n\n\n\n<p>Unsere Webseite verwendet die Online Kalender Anwendung&nbsp;<a href=\"https:\/\/kalender.digital\/\" target=\"_blank\" rel=\"noreferrer noopener\">Kalender.digital<\/a>, um Sie \u00fcber unsere anstehenden Termine zu informieren.<\/p>\n\n\n\n<p>Bei der Nutzung von Kalender.digital werden Informationen \u00fcber die Nutzung unserer Internetseite einschlie\u00dflich Ihrer anonymisierten IP-Adresse und die von Ihnen bei Kalender.digital eingegeben Daten auf dem Kalender.digital Server gespeichert.<\/p>\n\n\n\n<p>Sie k\u00f6nnen eine solche Daten\u00fcbertragung jedoch verhindern, wenn Sie in Ihrem Browser &#8222;Javascript&#8220; deaktivieren. In dem Falle k\u00f6nnen jedoch keine Termine angezeigt werden.<\/p>\n\n\n\n<p>Weitere Informationen dar\u00fcber wie Kalender.digital Ihre Daten verwendet finden Sie unter:&nbsp;<a href=\"https:\/\/kalender.digital\/c\/privacy\" target=\"_blank\" rel=\"noreferrer noopener\">https:\/\/kalender.digital\/c\/privacy<\/a><\/p>\n\n\n\n<p>Rechtsgrundlage ist Artikel 6 Absatz 1 Satz 1 f) Datenschutzgrundverordnung, denn die Verarbeitung der Daten dient der Wahrung unseres berechtigten Interesses an der Verbesserung der Nutzererfahrung sowie der Bewerbung und Darstellung unserer Leistungen.<\/p>\n","protected":false},"excerpt":{"rendered":"<p>Im Rahmen der Nutzung unseres Internetangebots verarbeiten wir unter Umst\u00e4nden verschiedene Daten, die sich auf Sie als betroffene Person beziehen oder zumindest auf Sie beziehbar und damit personenbezogen sind. Die folgenden Informationen dienen dazu \u00fcber Art, Umfang und Zweck der jeweiligen Verarbeitungsvorg\u00e4nge zu informieren. Wir unterliegen als \u00f6ffentliche Stelle den Bestimmungen des Saarl\u00e4ndischen Datenschutzgesetzes (SDSG). [&hellip;]<\/p>\n","protected":false},"author":1,"featured_media":0,"parent":0,"menu_order":0,"comment_status":"closed","ping_status":"closed","template":"","meta":{"footnotes":""},"class_list":["post-50","page","type-page","status-publish","hentry"],"_links":{"self":[{"href":"http:\/\/schule-in-den-grasgaerten.de\/index.php?rest_route=\/wp\/v2\/pages\/50","targetHints":{"allow":["GET"]}}],"collection":[{"href":"http:\/\/schule-in-den-grasgaerten.de\/index.php?rest_route=\/wp\/v2\/pages"}],"about":[{"href":"http:\/\/schule-in-den-grasgaerten.de\/index.php?rest_route=\/wp\/v2\/types\/page"}],"author":[{"embeddable":true,"href":"http:\/\/schule-in-den-grasgaerten.de\/index.php?rest_route=\/wp\/v2\/users\/1"}],"replies":[{"embeddable":true,"href":"http:\/\/schule-in-den-grasgaerten.de\/index.php?rest_route=%2Fwp%2Fv2%2Fcomments&post=50"}],"version-history":[{"count":4,"href":"http:\/\/schule-in-den-grasgaerten.de\/index.php?rest_route=\/wp\/v2\/pages\/50\/revisions"}],"predecessor-version":[{"id":256,"href":"http:\/\/schule-in-den-grasgaerten.de\/index.php?rest_route=\/wp\/v2\/pages\/50\/revisions\/256"}],"wp:attachment":[{"href":"http:\/\/schule-in-den-grasgaerten.de\/index.php?rest_route=%2Fwp%2Fv2%2Fmedia&parent=50"}],"curies":[{"name":"wp","href":"https:\/\/api.w.org\/{rel}","templated":true}]}}

Datenschutzerklärung

<p>Im Rahmen der Nutzung unseres Internetangebots verarbeiten wir unter Umständen verschiedene Daten, die sich auf Sie als betroffene Person beziehen oder zumindest auf Sie beziehbar und damit personenbezogen sind. Die folgenden Informationen dienen dazu über Art, Umfang und Zweck der jeweiligen Verarbeitungsvorgänge zu informieren.</p>



<p>Wir unterliegen als öffentliche Stelle den Bestimmungen des Saarländischen Datenschutzgesetzes (SDSG). Zum Schutz Ihrer Rechte haben wir technische und organisatorische Maßnahmen getroffen und auch sichergestellt, dass die Vorschriften über den Datenschutz von allen beachtet werden, die an diesem Angebot mitwirken. Ihre Daten dürfen nur in dem Umfang verarbeitet werden, wie spezielle Gesetze dies zulassen oder Ihre Einwilligung vorliegt.</p>



<p class="has-white-color has-white-background-color has-text-color has-background has-link-color wp-elements-f818070cbe647d7929783d0c3190eada">m</p>



<h2 class="wp-block-heading">Verantwortliche Stelle</h2>



<p>Bei Anfragen, Beschwerden, Hinweisen und Anregungen wenden Sie sich bitte zunächst an den Verantwortlichen der Website:</p>



<ul class="wp-block-list">
<li>Schule in den Grasgärten</li>



<li>Schulleitung: Claudia Theobald, Esther Hermann</li>



<li>In den Grasgärten, 66126 Saabrücken</li>



<li>06898-441340</li>



<li><a href="mailto:fs-altenkessel@schule.saarland">fs-altenkessel@schule.saarland</a></li>
</ul>



<p>Diensteanbieter dieses Internetangebots ist das Saarland, vertreten durch den Minister für Bildung und Kultur, Trierer Str. 33, 66111 Saarbrücken, Telefon: 0681/501-7565.</p>



<p class="has-white-color has-white-background-color has-text-color has-background has-link-color wp-elements-f818070cbe647d7929783d0c3190eada">m</p>



<h2 class="wp-block-heading">Behördliche Datenschutzbeauftragte</h2>



<p>Unsere Datenschutzbeauftragte erreichen Sie unter&nbsp;<a href="mailto:datenschutzbeauftragte@bildung.saarland.de">datenschutzbeauftragte@bildung.saarland.de</a>&nbsp;oder der Adresse des Ministeriums für Bildung und Kultur, Trierer Straße 33, 66111 Saarbrücken mit dem Zusatz „Die Datenschutzbeauftragte“.</p>



<p class="has-white-color has-white-background-color has-text-color has-background has-link-color wp-elements-f818070cbe647d7929783d0c3190eada">m</p>



<h2 class="wp-block-heading">Kontaktaufnahme</h2>



<p>Bei Ihrer Kontaktaufnahme mit uns per E-Mail oder über das Kontaktformular werden Ihre Angaben von uns gespeichert, um Ihre Frage(n) zu beantworten. Wenn Sie das auf der Webseite angebotene Kontaktformular nutzen, benötigen wir von Ihnen eine valide E-Mail-Adresse sowie Ihren Namen. Weitere Daten werden nicht erhoben. Die Speicherung dient alleine dem Zweck, Ihre Anfrage zu beantworten.</p>



<p class="has-white-color has-white-background-color has-text-color has-background has-link-color wp-elements-f818070cbe647d7929783d0c3190eada">m</p>



<h2 class="wp-block-heading">Cookies</h2>



<p>Unsere Website verwendet Cookies. Das sind kleine Textdateien, die Ihr Webbrowser auf Ihrem Endgerät speichert. Cookies helfen uns dabei, unser Angebot nutzerfreundlicher, effektiver und sicherer zu machen.</p>



<p>Einige Cookies sind “Session-Cookies.” Solche Cookies werden nach Ende Ihrer Browser-Sitzung von selbst gelöscht. Hingegen bleiben andere Cookies auf Ihrem Endgerät bestehen, bis Sie diese selbst löschen. Solche Cookies helfen uns, Sie bei Rückkehr auf unserer Website wiederzuerkennen.</p>



<p>Mit einem modernen Webbrowser können Sie das Setzen von Cookies überwachen, einschränken oder unterbinden. Viele Webbrowser lassen sich so konfigurieren, dass Cookies mit dem Schließen des Programms von selbst gelöscht werden. Die Deaktivierung von Cookies kann eine eingeschränkte Funktionalität unserer Website zur Folge haben.</p>



<p>Das Setzen von Cookies, die zur Ausübung elektronischer Kommunikationsvorgänge oder der Bereitstellung bestimmter, von Ihnen erwünschter Funktionen notwendig sind, erfolgt auf Grundlage von Art. 6 Abs. 1 lit. f DSGVO. Als Betreiber dieser Website haben wir ein berechtigtes Interesse an der Speicherung von Cookies zur technisch fehlerfreien und reibungslosen Bereitstellung unserer Dienste. Sofern die Setzung anderer Cookies erfolgt, werden diese in dieser Datenschutzerklärung separat behandelt.</p>



<p class="has-white-color has-white-background-color has-text-color has-background has-link-color wp-elements-f818070cbe647d7929783d0c3190eada">m</p>



<h2 class="wp-block-heading">Kalender.digital</h2>



<p>Unsere Webseite verwendet die Online Kalender Anwendung&nbsp;<a href="https://kalender.digital/" target="_blank" rel="noreferrer noopener">Kalender.digital</a>, um Sie über unsere anstehenden Termine zu informieren.</p>



<p>Bei der Nutzung von Kalender.digital werden Informationen über die Nutzung unserer Internetseite einschließlich Ihrer anonymisierten IP-Adresse und die von Ihnen bei Kalender.digital eingegeben Daten auf dem Kalender.digital Server gespeichert.</p>



<p>Sie können eine solche Datenübertragung jedoch verhindern, wenn Sie in Ihrem Browser &#8222;Javascript&#8220; deaktivieren. In dem Falle können jedoch keine Termine angezeigt werden.</p>



<p>Weitere Informationen darüber wie Kalender.digital Ihre Daten verwendet finden Sie unter:&nbsp;<a href="https://kalender.digital/c/privacy" target="_blank" rel="noreferrer noopener">https://kalender.digital/c/privacy</a></p>



<p>Rechtsgrundlage ist Artikel 6 Absatz 1 Satz 1 f) Datenschutzgrundverordnung, denn die Verarbeitung der Daten dient der Wahrung unseres berechtigten Interesses an der Verbesserung der Nutzererfahrung sowie der Bewerbung und Darstellung unserer Leistungen.</p>

<p>Im Rahmen der Nutzung unseres Internetangebots verarbeiten wir unter Umständen verschiedene Daten, die sich auf Sie als betroffene Person beziehen oder zumindest auf Sie beziehbar und damit personenbezogen sind. Die folgenden Informationen dienen dazu über Art, Umfang und Zweck der jeweiligen Verarbeitungsvorgänge zu informieren. Wir unterliegen als öffentliche Stelle den Bestimmungen des Saarländischen Datenschutzgesetzes (SDSG). [&hellip;]</p>
